3 - -10) + -17.
-7
Evaluate 2 + 2 + (-11 - -10).
3
-1 + 1 - -1 - (5 + -7)
3
Evaluate 1 + (1 - -4) + -12.
-6
3 - 1 - ((-2 - -5) + 0)
-1
Calculate 5 + 0 + 2 + 0.
7
What is 0 + 3 + (2 - 1) - 5?
-1
Calculate -1 + 0 - (-2 - (-10 + 5)).
-4
What is the value of 1 - (1 + (3 - 3) + -3)?
3
-5 + (-4 - (-6 + -4))
1
What is the value of (1 - 0) + (-14 - -10) - -4?
1
What is the value of -13 + (6 - -1 - (42 + -41))?
-7
(24 + -10 - 15) + -1
-2
What is the value of 5 + (-5 - -3) - 6?
-3
What is -3 - 1 - (-2 + 11 - 7)?
-6
2 + 9 + (62 - 64)
9
Calculate -4 - (5 + 5 + -8) - -6.
0
Evaluate -1 - ((-1 - -5) + (-17 - -18)).
-6
-12 - -12 - (-2 + 2 + -5)
5
2 + (-8 - -18) + -13
-1
What is the value of 4 + (-9 - (-9 - -3))?
1
What is -1 + (3 - (-3 - -5))?
0
What is the value of 3 - 8 - 0 - -7?
2
(-5 - (-3 - 5)) + -7
-4
18 + -8 + -3 - (-1 - -15)
-7
What is (1 - 5) + (1 - 2) - 0?
-5
Calculate (-3 - 2 - -5) + 5.
5
-11 + (-5 - -9 - -11)
4
What is -2 - ((1 - -3) + -7)?
1
Evaluate 0 + 1 - (-21 - (-5 + -17)).
0
What is the value of 0 + (-8 - 0) - (-5 + 2)?
-5
What is the value of -8 + -2 + 12 + -4?
-2
What is 5 + 1 + 1 + (-2 - 0)?
5
What is the value of 0 + 3 + -7 + 4?
0
What is the value of 9 - (9 - 4 - 1)?
5
What is the value of -10 + (10 - 1) - -2?
1
4 + (5 - 3) + -8 + 1
-1
What is the value of 5 - (7 + -3 + -3)?
4
-1 - -10 - (19 - 5)
-5
Evaluate (-1 - -2) + (3 - 13) + 7.
-2
Evaluate 1 - ((-3 - 0 - 0) + 1).
3
Evaluate (-3 - -3) + 10 - (10 + -5).
5
What is the value of (-18 - -11) + 0 + -1 - -4?
-4
-1 + 0 + 4 + 2
5
What is 9 + -5 + -1 + 1?
4
What is (-3 + 1 - -4) + -3 + 1?
0
Calculate 9 - (12 - 15 - -15).
-3
What is (-11 - (-6 + 6)) + 2 + 3?
-6
Evaluate 17 + (-3 - 8) + -7.
-1
What is the value of -8 - (0 - (-3 + 6 + 0))?
-5
(-1 - -13) + -11 - 10
-9
What is the value of 4 - (0 + 7) - 2 - -2?
-3
What is 5 - (0 - (0 + -14 - -4))?
-5
Evaluate -5 + 10 - 12 - -15.
8
What is 4 + -2 - 0 - (-1 + 4)?
-1
Calculate -9 + (0 - -1 - -3).
-5
1 - (3 - -5) - -8
1
Evaluate -4 + (-12 + 4 + 4 - -3).
-5
Evaluate (2 - 0) + 0 + 3 + -3.
2
Calculate 24 - 22 - (2 + -1).
1
What is -3 - (3 - (-5 - -2) - 9)?
0
Evaluate -35 + 28 - (-2 + -1).
-4
-4 - (13 - (9 + -3))
-11
What is 1 - 3 - (-8 - -7) - -6?
5
What is (-9 - -4) + 8 - 0?
3
What is -1 - (-2 + 6 - 7)?
2
Evaluate (4 - -8 - 23) + 8.
-3
Evaluate 15 - 6 - (-5 + 7).
7
Calculate 0 + 1 + 8 + -5 - 6.
-2
What is the value of 4 + (-5 + -4 - -1) - 5?
-9
What is 0 + -3 + (36 - 29)?
4
What is 6 + -10 + (4 - (-2 + 3))?
-1
-3 + -1 + -31 + 31
-4
What is 2 - 12 - (-15 - (-1 + -8))?
-4
Calculate 1 + (-1 - -4 - (-8 + 7)).
5
Calculate 3 + (-4 - 1) + 0 - -1.
-1
Evaluate 0 + 2 + -5 + 4.
1
Evaluate 3 + (3 - (1 - (2 + -5))).
2
Evaluate -13 + 8 + 1 + -4 + 1.
-7
What is the value of (1 - 2) + -120 + 131?
10
What is the value of 1 + 0 + 24 + -23?
2
What is -60 + 64 - (-1 + 0)?
5
What is 3 + 5 + -9 + (-1 - 1)?
-3
What is -29 + 33 + (0 - 6)?
-2
Calculate (4 - (2 + 0)) + -5.
-3
What is -6 + 6 - (0 - -5)?
-5
Evaluate 2 - -1 - ((-4 - -12) + -3).
-2
Evaluate -3 - (-4 - (-1 + 2 - 1)).
1
Evaluate 0 - 8 - (9 - (2 - -9)).
-6
What is 9 + (-4 - 4) + -4?
-3
Evaluate 15 + (-17 + -3 - -9).
4
Evaluate 5 + -17 + 2 + 3 + 10.
3
What is the value of (8 - 23 - -9) + (16 - 3)?
7
What is 1 + -2 + (-4 - -8)?
3
What is the value of -1 - 4 - (-2 + (-5 - 2))?
4
What is the value of 17 - (0 - (-7 - 4))?
6
Calculate 15 + (-11 - (14 + -8)).
-2
What is -7 + 22 - (-1 + 11)?
5
What is -2 + -5 + (1 - -2)?
-4
Evaluate (-4 - ((4 - 7) + -1)) + 2.
2
Evaluate -2 + 11 - (36 - 28).
1
What is -4 + (-1 + -6 - -10)?
-1
What is the value of 4 - (4 - -4 - (1 + 3))?
0
(4 - -1 - 10) + (3 - 0)
-2
Calculate 6 - (-2 - -5) - (10 + -2).
-5
What is the value of -8 + -6 + 2 - -21?
9
Evaluate (-1 - -6) + (8 - 2 - 9).
2
What is the value of (-1 - -3) + -20 + 19 + 0?
1
Calculate (5 + -8 - -1) + -3.
-5
Evaluate -3 + 12 + -3 + 1.
7
Evaluate (3 + (-3 - 2) - -5) + -6.
-3
Calculate (-1 - (0 + -9 + -1)) + -4.
5
Calculate (3 - -5 - 7) + -4.
-3
Evaluate (8 - 0) + -7 + 2.
3
-10 + (-2 - (-12 - -7)) - -7
0
-8 - ((-9 - -1) + 0)
0
-7 - ((-7 + 5 - -6) + -13)
2
(1 - 15 - -1) + 8
-5
What is the value of (7 - 1) + -58 + 48?
-4
What is the value of -7 + -3 + 0 + 8?
-2
What is the value of 1 + -6 + 15 + -2?
8
Evaluate (10 - -2) + -4 - 5.
3
Calculate 9 + -8 + 1 - (4 - 0).
-2
-7 + 6 + -3 + (-1 - -2)
-3
What is the value of (-7 - (-5 - -7)) + 6?
-3
Evaluate 6 + (-1 - 3) + -14 + 6.
-6
What is the value of (34 - 29) + (0 - 3) - 3?
-1
Evaluate -1 + 1 + 3 - 9.
-6
What is -12 + 4 - (-6 - -4)?
-6
(0 - (-3 + 4)) + (-2 - -3)
0
Calculate (10 - 5) + -9 + -1 + -1.
-6
1 + -2 - -1 - -1
1
-3 + 0 + 0 + -3 + 3
-3
What is -3 - (1 + -2) - (50 + -55)?
3
What is the value of -4 - 0 - (8 + -14) - 3?
-1
Calculate 3 + 8 + -8 - (-1 + -3).
7
What is the value of 0 - -4 - (3 + -1)?
2
What is the value of 0 - (-19 + 17 + (0 - 1))?
3
Calculate -11 - -12 - (0 - -3) - 1.
-3
Calculate -14 + 6 + (9 - -1).
2
What is the value of 0 + -2 - (-1 - 0) - 4?
-5
What is (-8 - -1) + 3 + (5 - 9)?
-8
36 - 30 - (15 - 3 - 2)
-4
What is (-2 - -10) + -7 - -4?
5
Calculate 8 + (-4 - 3) + 6 + -7.
0
What is the value of (8 - 4) + -9 - (-5 + 2)?
-2
Evaluate 0 - -5 - (-27 - -20 - -10).
2
What is (-14 + -6 - -10) + 1?
-9
What is -3 - -1 - (0 + -4)?
2
What is (-6 - -1) + (5 - 1)?
-1
(-22 - -21) + 6 + -11
-6
What is the value of 6 - (-12 + 23 + -5)?
0
3 + 4 + 6 + (-3 - 10)
0
What is the value of 2 - (34 + -34 + -6 + 1)?
7
2 + -4 + -1 - (-9 + 2)
4
Calculate -4 + 5 + -3 + 3.
1
Evaluate (1 - (5 - 6)) + -4.
-2
What is (-3 - -2 - 1) + -21 + 24?
1
4 + 6 - (3 - -5)
2
What is -4 - 4 - (-1 - 14)?
7
What is -7 - (-7 - 3) - 6?
-3
(-1 - 7) + (-9 - -2 - -5)
-10
What is the value of (0 + -4 - (-3 + 2)) + -1?
-4
Evaluate (-3 - -2) + 2 - (-13 - -15).
-1
What is (-2 + (7 - 14) - 1) + 2?
-8
What is (1 - (1 - 0)) + (27 - 25)?
2
(-14 - -10 - -3) + 2
1
Evaluate -12 + 7 + (2 - (-2 - 0)).
-1
6 - (2 - (1 + -2))
3
Calculate 3 + -1 + (2 - 4) - -3.
3
What is (31 - 24) + (2 - 9)?
0
2 + -5 + 2 - (2 - 3)
0
What is the value of 0 + -2 + (1 - (5 - 7))?
1
What is the value of (0 - 3) + -6 + 12?
3
What is the value of -3 + 9 + 1 + -5?
2
What is the value of -8 - (-2 + (3 - 8) + 4)?
-5
0 + -1 + 0 + 4 + 1
4
What is the value of (19 - 14) + -5 + 1 + -3?
-2
-1 + -1 + 5 + -8
-5
What is the value of 0 + 3 + -8 - -4?
-1
2 + (-5 - 0 - 0)
-3
Evaluate -5 + -3 + 4 + -4 + 6.
-2
Calculate -9 + 2 + (4 - (3 + -4)).
-2
0 - 0 - (0 + 1)
-1
What is -1 - (-16 + 14 + (4 - 0))?
-3
Calculate (0 - -2) + (-3 - (2 + -8)).
5
Evaluate -7 + (-21 + 14 - -6).
-8
What is 2 + (-15 - -7 - -4)?
-2
What is the value of 1 + 0 + 3 + -1?
3
Calculate 7 - (18 - 10) - (-4 + -1).
4
What is 8 + 7 + (-1 - 25)?
-11
What is (-8 - -25 - 8) + -7?
2
Calculate 3 + -8 - (-5 - -5).
-5
2 - -6 - 2 - 4
2
Calculate 5 + 2 + -1 + -2.
4
What is 2 - (23 + -9 + -3)?
-9
Calculate 3 + 5 - (-5 + 16 - 12).
9
5 - ((-1 - -2) + -2 + -1)
7
What is the value of 1 + -1 + 0 + -2?
-2
Calculate (1 - (2 - 1)) + -2.
-2
-2 - (4 + -5 + 2)
-3
Calculate 2 + (-7 + -2 - -6).
-1
11 + -2 + -9 - (3 - -1)
-4
2 - (1 - 3 - (-5 - -1))
0
Calculate 4 - ((-1 - -7) + 3).
-5
Evaluate 4 + -2 + -2 + -1.
-1
What is (2 - 0) + 13 + -16?
-1
1 - ((-4 - -11) + (0 - 0))
-6
What is the value of (-1 - (7 + -1)) + 1 - -4?
-2
(-43 - -40) + 9 + -1
5
What is 4 + -3 + 4 + -4 - -2?
3
Evaluate (-3 - (-6 + 9)) + 7.
1
What is the value of 4 + 3 + (-6 - -4)?
5
Evaluate 2 - -6 - (-13 - -17).
4
Evaluate (2 - (-2 - -5 - -5)) + 4.
-2
What is 1 - (1 + -3 - (-11 + 11))?
3
1 - ((-3 - -6) + -1)
-1
What is (-11 - -11) + (4 - -5)?
9
What is the value of (-7 - -8) + (-1 + -9 - -4)?
-5
Evaluate (6 - 4) + 0 - 4.
-2
What is the value of 2 + (6 - 8) - 3?
-3
What is 1 + -4 + 9 + -4 + -1?
1
What is the value of 6 - ((-13 - -12) + 6)?
1
(1 - 2 - (-5 - -5)) + 1
0
What is the value of (49 - 40) + (0 - 11)?
-2
3 - ((1 - -1) + 3)
-2
-81 + 71 + (1 - (-1 - -1))
-9
Evaluate (14 - 6) + -14 + 3.
-3
-1 - -3 - 6 - (-8 - -7)
-3
What is the value of 1 + -4 + (1 + 1 - -1)?
0
What is -4 + -2 + (22 - 19)?
-3
-4 - (-3 - -4 - 0)
-5
5 + -18 - (0 - (1 - -6))
-6
(3 - -2 - -7) + -6 + 1
7
Evaluate (12 - 9) + (-3 - -2 - 7).
-5
Evaluate -15 - -13 - (3 - (4 + 2)).
1
-3 - -2 - 3 - (-5 - -4)
-3
What is the value of -3 - (6 - 4 - 4)?
-1
5 + -5 + (2 - 1) - 2
-1
Evaluate -3 - ((-3 - -5) + 0).
-5
What 